{"id":31,"date":"2018-01-20T15:44:39","date_gmt":"2018-01-20T14:44:39","guid":{"rendered":"https:\/\/restauracja.harmoniasmakow.com\/index.php\/stypa-poznan-pobiedziska-restauracja\/"},"modified":"2018-01-20T15:44:39","modified_gmt":"2018-01-20T14:44:39","slug":"stypa-poznan-pobiedziska-restauracja","status":"publish","type":"page","link":"https:\/\/restauracja.harmoniasmakow.com\/index.php\/stypa-poznan-pobiedziska-restauracja\/","title":{"rendered":"Konsolacje (obiad po pogrzebie)"},"content":{"rendered":"<p style=\"padding-left: 30px;\"><img fetchpriority=\"high\" decoding=\"async\" class=\" size-full wp-image-30\" style=\"border-width: 0px; display: block; margin-left: auto; margin-right: auto;\" src=\"https:\/\/restauracja.harmoniasmakow.com\/wp-content\/uploads\/2018\/01\/beznazwy.png\" border=\"0\" width=\"240\" height=\"210\" \/><\/p>\n<p style=\"text-align: center;\">\u00a0<span style=\"font-size: medium;\"><\/p>\n<p><span style=\"color: #ffff00;\">Przychodzi w pewnym okresie moment, <\/span><\/span><span style=\"color: #ffff00;\"><span style=\"font-size: medium;\">w kt\u00f3rym <\/span><span style=\"font-size: medium;\">spotykamy <\/span><\/span><\/p>\n<p style=\"text-align: center;\"><span style=\"color: #ffff00;\"><span style=\"font-size: medium;\"> si\u0119 przy <\/span><span style=\"font-size: medium;\">rodzinnym stole <\/span><span style=\"font-size: medium;\">bez najbli\u017cszej <\/span><span style=\"font-size: medium;\">nam osoby. <\/span><\/span><\/p>\n<p style=\"text-align: center;\"><span style=\"font-size: medium; color: #ffff00;\"> Stypa to celebrowana wa\u017cna uroczysto\u015b\u0107 rodzinna, <\/span><\/p>\n<p style=\"text-align: center;\"><span style=\"font-size: medium; color: #ffff00;\"> odbywaj\u0105ca si\u0119 po ostatnim po\u017cegnaniu osoby zmar\u0142ej. <\/span><\/p>\n<p style=\"text-align: center;\"><span style=\"font-size: medium; color: #ffff00;\"> Jest po\u015bwi\u0119cona Jej pami\u0119ci, s\u0142u\u017cy wspominaniu Jej dokona\u0144. <\/span><\/p>\n<p style=\"text-align: center;\"><span style=\"font-size: medium; color: #ffff00;\"> W naszej restauracji zorganizujemy dla Pa\u0144stwa godne po\u017cegnanie najbli\u017cszej osoby <\/span><\/p>\n<p style=\"text-align: center;\"><span style=\"color: #ffff00;\"><span style=\"font-size: medium;\"> w spokojnej, <\/span><span style=\"font-size: medium;\">przestronnej i nastrojowej atmosferze ze szczerym wsp\u00f3\u0142czuciem <\/span><\/span><\/p>\n<p style=\"text-align: center;\"><span style=\"color: #ffff00;\"><span style=\"font-size: medium;\"> i odpowiedni\u0105 trosk\u0105 dla rodziny i najbli\u017cszych. <\/span><span style=\"font-size: medium;\">Przygotowana oferta stypy w naszej<\/span><\/span><\/p>\n<p style=\"text-align: center;\"><span style=\"color: #ffff00;\"><span style=\"font-size: medium;\"> restauracji jest po\u0142\u0105czeniem eleganckiej <\/span><span style=\"font-size: medium;\">oprawy <\/span><span style=\"font-size: medium;\">z doskona\u0142ym menu uwzgl\u0119dniaj\u0105cym<\/span><\/span><\/p>\n<p style=\"text-align: center;\"><span style=\"color: #ffff00;\"><span style=\"font-size: medium;\"> warunki finansowe rodziny. Maj\u0105c nadziej\u0119, \u017ce nasze <\/span><span style=\"font-size: medium;\">starania o godny i dostojny nastr\u00f3j <\/span><\/span><\/p>\n<p style=\"text-align: center;\" align=\"center\"><span style=\"font-size: medium; color: #ffff00;\"> w tak wa\u017cnym dniu spe\u0142ni\u0105 Pa\u0144stwa oczekiwania.<\/span><\/p>\n<p style=\"text-align: center;\" align=\"center\"><span style=\"text-decoration: underline; color: #ffff00; font-size: medium;\"><strong>Propozycja I <\/strong><\/span><\/p>\n<p style=\"text-align: center;\" align=\"center\"><span style=\"color: #ffff00; font-size: medium;\"><strong>Podawana indywidualnie na talerzu.<br \/><\/strong><\/span><\/p>\n<p style=\"text-align: center;\" align=\"center\"><span style=\"color: #ffff00; font-size: medium;\"><strong>Ros\u00f3\u0142 domowy z makaronem.<\/strong><\/span><\/p>\n<p style=\"text-align: center;\" align=\"center\"><span style=\"color: #ffff00; font-size: medium;\"><strong>Roladka de volaille z mase\u0142kiem i pietruszk\u0105.<\/strong><\/span><\/p>\n<p style=\"text-align: center;\" align=\"center\"><span style=\"color: #ffff00; font-size: medium;\"><strong>Ziemniaki z koperkiem, sos pieczeniowy.<\/strong><\/span><\/p>\n<p style=\"text-align: center;\" align=\"center\"><span style=\"color: #ffff00; font-size: medium;\"><strong>Zestaw sur\u00f3wek 2 rodzaje.<\/strong><\/span><\/p>\n<p style=\"text-align: center;\" align=\"center\"><span style=\"color: #ffff00; font-size: medium;\"><strong>Kawa lub herbata bez limitu, s\u0142odkie 2 porcje na osob\u0119.<\/strong><\/span><\/p>\n<p style=\"text-align: center;\" align=\"center\"><span style=\"color: #ffff00; font-size: medium;\"><strong>Napoje zimne bez limitu.<\/strong><\/span><\/p>\n<p style=\"text-align: center;\" align=\"center\"><span style=\"color: #ffff00; font-size: medium;\"><strong>cena 60 z\u0142. od osoby<br \/><\/strong><\/span><\/p>\n<p style=\"text-align: center;\" align=\"center\"><span style=\"color: #ffff00;\">\u00a0<\/span><\/p>\n<p style=\"text-align: center;\" align=\"center\"><span style=\"text-decoration: underline; color: #ffff00; font-size: medium;\"><strong>Propozycja II &#8211; mi\u0119sa 1,5 porcji na osob\u0119<\/strong><\/span><\/p>\n<p style=\"text-align: center;\" align=\"center\"><span style=\"color: #ffff00; font-size: medium;\"><strong>Serwowane na paterach.<br \/><\/strong><\/span><\/p>\n<p style=\"text-align: center;\" align=\"center\"><span style=\"color: #ffff00; font-size: medium;\"><strong>Ros\u00f3\u0142 domowy z makaronem.<\/strong><\/span><\/p>\n<p style=\"text-align: center;\" align=\"center\"><span style=\"color: #ffff00; font-size: medium;\"><strong>Panierowana koperta ze schabu z nadzieniem<\/strong><\/span><\/p>\n<p style=\"text-align: center;\" align=\"center\"><span style=\"color: #ffff00; font-size: medium;\"><strong>Kotlet de volaille z mase\u0142kiem<\/strong><\/span><\/p>\n<p style=\"text-align: center;\" align=\"center\"><span style=\"color: #ffff00; font-size: medium;\"><strong>Zraz wieprzowy z pieczarkami<\/strong><\/span><\/p>\n<p style=\"text-align: center;\" align=\"center\"><span style=\"color: #ffff00; font-size: medium;\"><strong>Ziemniaki z koperkiem, pyzy, sos pieczeniowy<br \/><\/strong><\/span><\/p>\n<p style=\"text-align: center;\" align=\"center\"><span style=\"color: #ffff00; font-size: medium;\"><strong>Zestaw sur\u00f3wek 3 rodzaje.<\/strong><\/span><\/p>\n<p style=\"text-align: center;\" align=\"center\"><span style=\"color: #ffff00; font-size: medium;\"><strong>Kawa lub herbata bez limitu, s\u0142odkie 2 porcje na osob\u0119.<\/strong><\/span><\/p>\n<p style=\"text-align: center;\" align=\"center\"><span style=\"color: #ffff00; font-size: medium;\"><strong>Napoje zimne bez limitu.<\/strong><\/span><\/p>\n<p style=\"text-align: center;\" align=\"center\"><span style=\"color: #ffff00; font-size: medium;\"><strong>cena 74 z\u0142. od osoby.<br \/><\/strong><\/span><\/p>\n<p style=\"text-align: center;\" align=\"center\"><span style=\"color: #ffff00;\">\u00a0<\/span><\/p>\n<p style=\"text-align: center;\" align=\"center\"><span style=\"text-decoration: underline; color: #ffff00; font-size: medium;\"><strong>Propozycja II &#8211; mi\u0119sa 2 porcj\u0119 na osob\u0119<\/strong><\/span><\/p>\n<p style=\"text-align: center;\" align=\"center\"><span style=\"color: #ffff00; font-size: medium;\"><strong>Serwowane na paterach.<br \/><\/strong><\/span><\/p>\n<p style=\"text-align: center;\" align=\"center\"><span style=\"color: #ffff00; font-size: medium;\"><strong>Ros\u00f3\u0142 domowy z makaronem.<\/strong><\/span><\/p>\n<p style=\"text-align: center;\" align=\"center\"><span style=\"color: #ffff00; font-size: medium;\"><strong>Panierowana koperta ze schabu z nadzieniem<\/strong><\/span><\/p>\n<p style=\"text-align: center;\" align=\"center\"><span style=\"color: #ffff00; font-size: medium;\"><strong>Kotlet de volaille z mase\u0142kiem<\/strong><\/span><\/p>\n<p style=\"text-align: center;\" align=\"center\"><span style=\"color: #ffff00; font-size: medium;\"><strong>Zraz wieprzowy z pieczarkami<\/strong><\/span><\/p>\n<p style=\"text-align: center;\" align=\"center\"><span style=\"color: #ffff00; font-size: medium;\"><strong>Ziemniaki z koperkiem, pyzy, sos pieczeniowy<br \/><\/strong><\/span><\/p>\n<p style=\"text-align: center;\" align=\"center\"><span style=\"color: #ffff00; font-size: medium;\"><strong>Zestaw sur\u00f3wek 3 rodzaje.<\/strong><\/span><\/p>\n<p style=\"text-align: center;\" align=\"center\"><span style=\"color: #ffff00; font-size: medium;\"><strong>Kawa lub herbata bez limitu, s\u0142odkie 2 porcje na osob\u0119.<\/strong><\/span><\/p>\n<p style=\"text-align: center;\" align=\"center\"><span style=\"color: #ffff00; font-size: medium;\"><strong>Napoje zimne bez limitu.<\/strong><\/span><\/p>\n<p style=\"text-align: center;\" align=\"center\"><span style=\"color: #ffff00; font-size: medium;\"><strong>cena 80 z\u0142. od osoby.<\/strong><\/span><\/p>\n<p><span style=\"color: #ffff00;\">\u00a0<\/span><\/p>\n<p>\u00a0<\/p>\n","protected":false},"excerpt":{"rendered":"<p>\u00a0 Przychodzi w pewnym okresie moment, w kt\u00f3rym spotykamy si\u0119 przy rodzinnym stole bez najbli\u017cszej nam osoby. Stypa to celebrowana wa\u017cna uroczysto\u015b\u0107 rodzinna, odbywaj\u0105ca si\u0119 po ostatnim po\u017cegnaniu osoby zmar\u0142ej. Jest po\u015bwi\u0119cona Jej pami\u0119ci, s\u0142u\u017cy wspominaniu Jej dokona\u0144. W naszej restauracji zorganizujemy dla Pa\u0144stwa godne po\u017cegnanie najbli\u017cszej osoby w spokojnej, przestronnej i nastrojowej atmosferze ze szczerym wsp\u00f3\u0142czuciem i odpowiedni\u0105 trosk\u0105 dla rodziny i najbli\u017cszych. Przygotowana oferta stypy w naszej restauracji jest po\u0142\u0105czeniem eleganckiej oprawy z doskona\u0142ym menu uwzgl\u0119dniaj\u0105cym warunki finansowe rodziny. Maj\u0105c nadziej\u0119, \u017ce nasze starania o godny i dostojny nastr\u00f3j w tak wa\u017cnym dniu spe\u0142ni\u0105 Pa\u0144stwa oczekiwania. Propozycja I Podawana indywidualnie na talerzu. Ros\u00f3\u0142 domowy z makaronem. Roladka de volaille z mase\u0142kiem i pietruszk\u0105. Ziemniaki z koperkiem, sos pieczeniowy. Zestaw sur\u00f3wek 2 rodzaje. Kawa lub herbata bez limitu, s\u0142odkie 2 porcje na osob\u0119. Napoje zimne bez limitu. cena 60 z\u0142. od osoby \u00a0 Propozycja II &#8211; mi\u0119sa 1,5 porcji na osob\u0119 Serwowane na paterach. Ros\u00f3\u0142 domowy z makaronem. Panierowana koperta ze schabu z nadzieniem Kotlet de volaille z mase\u0142kiem Zraz wieprzowy z pieczarkami Ziemniaki z koperkiem, pyzy, sos pieczeniowy Zestaw sur\u00f3wek 3 rodzaje. Kawa lub herbata bez limitu, s\u0142odkie 2 porcje na osob\u0119. Napoje zimne bez limitu. cena 74 z\u0142. od osoby. \u00a0 Propozycja II &#8211; mi\u0119sa 2 porcj\u0119 na osob\u0119 Serwowane na paterach. Ros\u00f3\u0142 domowy z makaronem. Panierowana koperta ze schabu z nadzieniem Kotlet de volaille z mase\u0142kiem Zraz wieprzowy z pieczarkami Ziemniaki z koperkiem, pyzy, sos pieczeniowy Zestaw sur\u00f3wek 3 rodzaje. Kawa lub herbata bez limitu, s\u0142odkie 2 porcje na osob\u0119. Napoje zimne bez limitu. cena 80 z\u0142. od osoby. \u00a0 \u00a0<\/p>\n","protected":false},"author":1,"featured_media":30,"parent":0,"menu_order":7,"comment_status":"closed","ping_status":"closed","template":"","meta":{"footnotes":""},"class_list":["post-31","page","type-page","status-publish","has-post-thumbnail","hentry"],"_links":{"self":[{"href":"https:\/\/restauracja.harmoniasmakow.com\/index.php\/wp-json\/wp\/v2\/pages\/31","targetHints":{"allow":["GET"]}}],"collection":[{"href":"https:\/\/restauracja.harmoniasmakow.com\/index.php\/wp-json\/wp\/v2\/pages"}],"about":[{"href":"https:\/\/restauracja.harmoniasmakow.com\/index.php\/wp-json\/wp\/v2\/types\/page"}],"author":[{"embeddable":true,"href":"https:\/\/restauracja.harmoniasmakow.com\/index.php\/wp-json\/wp\/v2\/users\/1"}],"replies":[{"embeddable":true,"href":"https:\/\/restauracja.harmoniasmakow.com\/index.php\/wp-json\/wp\/v2\/comments?post=31"}],"version-history":[{"count":0,"href":"https:\/\/restauracja.harmoniasmakow.com\/index.php\/wp-json\/wp\/v2\/pages\/31\/revisions"}],"wp:featuredmedia":[{"embeddable":true,"href":"https:\/\/restauracja.harmoniasmakow.com\/index.php\/wp-json\/wp\/v2\/media\/30"}],"wp:attachment":[{"href":"https:\/\/restauracja.harmoniasmakow.com\/index.php\/wp-json\/wp\/v2\/media?parent=31"}],"curies":[{"name":"wp","href":"https:\/\/api.w.org\/{rel}","templated":true}]}}